{"id":24623,"date":"2024-12-19T15:08:58","date_gmt":"2024-12-19T18:08:58","guid":{"rendered":"https:\/\/www.sannicolasdemyra.cl\/web\/?page_id=24623"},"modified":"2025-10-03T13:09:27","modified_gmt":"2025-10-03T16:09:27","slug":"solidaridad","status":"publish","type":"page","link":"https:\/\/www.sannicolasdemyra.cl\/web\/vida-escolar\/sana-convivencia\/sello-plan-islandia\/solidaridad\/","title":{"rendered":"Sana Convivencia: Solidaridad"},"content":{"rendered":"\t<div id=\"gap-1466771986\" class=\"gap-element clearfix\" style=\"display:block; height:auto;\">\n\t\t\n<style>\n#gap-1466771986 {\n  padding-top: 30px;\n}\n<\/style>\n\t<\/div>\n\t\n<div class=\"row\"  id=\"row-2103297010\">\n\n\t<div id=\"col-300228046\" class=\"col medium-8 small-12 large-8\"  >\n\t\t\t\t<div class=\"col-inner text-left\"  >\n\t\t\t\n\t\t\t\n\t<div id=\"text-1432935272\" class=\"text\">\n\t\t\n<h3><strong>Premiados por el Valor de Sana Convivencia:\u00a0 SOLIDARIDAD<\/strong><\/h3>\n<p data-start=\"175\" data-end=\"322\">En el Colegio San Nicol\u00e1s de Myra formamos estudiantes integrales en lo personal, social, espiritual e intelectual, a la luz de la raz\u00f3n y la fe.<\/p>\n<p data-start=\"324\" data-end=\"599\">Con orgullo felicitamos a los estudiantes reconocidos por vivir el valor de la solidaridad en su d\u00eda a d\u00eda. Su actitud generosa, su disposici\u00f3n para colaborar y su sensibilidad frente a las necesidades ajenas marcaron una diferencia positiva en nuestra comunidad educativa.<\/p>\n<p data-start=\"324\" data-end=\"599\"><strong>Felicitamos a los estudiantes que destacan por fomentar la solidaridad a en sus salas de clases:<\/strong><\/p>\n\t\t\n<style>\n#text-1432935272 {\n  text-align: left;\n}\n<\/style>\n\t<\/div>\n\t\n\t<div class=\"img has-hover x md-x lg-x y md-y lg-y\" id=\"image_1110741882\">\n\t\t\t\t\t\t\t\t<div class=\"img-inner dark\" >\n\t\t\t<img loading=\"lazy\" decoding=\"async\" width=\"1200\" height=\"810\" src=\"https:\/\/www.sannicolasdemyra.cl\/web\/wp-content\/uploads\/Solidaridad-Junior-M.png\" class=\"attachment-original size-original\" alt=\"reconocimiento a la solidaridad\" srcset=\"https:\/\/www.sannicolasdemyra.cl\/web\/wp-content\/uploads\/Solidaridad-Junior-M.png 1200w, https:\/\/www.sannicolasdemyra.cl\/web\/wp-content\/uploads\/Solidaridad-Junior-M-300x203.png 300w, https:\/\/www.sannicolasdemyra.cl\/web\/wp-content\/uploads\/Solidaridad-Junior-M-1024x691.png 1024w, https:\/\/www.sannicolasdemyra.cl\/web\/wp-content\/uploads\/Solidaridad-Junior-M-768x518.png 768w\" sizes=\"auto, (max-width: 1200px) 100vw, 1200px\" \/>\t\t\t\t\t\t\n\t\t\t\t\t<\/div>\n\t\t\t\t\t\t\t\t\n<style>\n#image_1110741882 {\n  width: 100%;\n}\n<\/style>\n\t<\/div>\n\t\n\t<div id=\"text-3593503816\" class=\"text\">\n\t\t\n<p><strong>Solidaridad \/ Junior &amp; Middle Level:<\/strong><\/p>\n<ul>\n<li>\n<ul>\n<li style=\"font-weight: 400;\" aria-level=\"1\"><b>PK A<\/b><span style=\"font-weight: 400;\"> Pedro V\u00e1squez Barazarte y Emiliano Concha Le\u00f3n<\/span><\/li>\n<li style=\"font-weight: 400;\" aria-level=\"1\"><b>PK B<\/b><span style=\"font-weight: 400;\"> L\u00eda Claverie Dominik y Mateo Alveal Espejo<\/span><\/li>\n<li style=\"font-weight: 400;\" aria-level=\"1\"><b>K A \u00a0 <\/b><span style=\"font-weight: 400;\">Emma Baracatt Zorzi y Mar\u00eda Emilia Stranges Sarlo<\/span><\/li>\n<li style=\"font-weight: 400;\" aria-level=\"1\"><span style=\"font-weight: 400;\">\u2060<\/span><b>K B \u00a0<\/b><span style=\"font-weight: 400;\"> Lourdes Correa Weis y Mar\u00eda Delfina Zagal Matassi<\/span><\/li>\n<li style=\"font-weight: 400;\" aria-level=\"1\"><b>1\u00b0A<\/b><span style=\"font-weight: 400;\">\u00a0 \u00a0Mart\u00edn Herv\u00e9 Rivas y Ivanna Palencia Toro<\/span><\/li>\n<li style=\"font-weight: 400;\" aria-level=\"1\"><b>1\u00b0B \u00a0 <\/b><span style=\"font-weight: 400;\">Sim\u00f3n \u00c1lvarez Cepeda y Santiago Herrera Gonz\u00e1lez<\/span><\/li>\n<li style=\"font-weight: 400;\" aria-level=\"1\"><b>\u20602\u00b0A \u00a0 <\/b><span style=\"font-weight: 400;\">Guadalupe Varela Carre\u00f1o y Antonio Espinoza Palacios<\/span><\/li>\n<li style=\"font-weight: 400;\" aria-level=\"1\"><b>2\u00b0B<\/b><span style=\"font-weight: 400;\">\u00a0 \u00a0Tom\u00e1s Jim\u00e9nez Sagas y Isidora S\u00e1nchez Franco<\/span><\/li>\n<li style=\"font-weight: 400;\" aria-level=\"1\"><b>3\u00b0A<\/b><span style=\"font-weight: 400;\">\u00a0 \u00a0Tom\u00e1s Beperet Besa y Amanda Moreno L\u00f3pez<\/span><\/li>\n<li style=\"font-weight: 400;\" aria-level=\"1\"><b>3\u00b0B<\/b><span style=\"font-weight: 400;\">\u00a0 \u00a0Juan Pablo Allan Aguirre y Antonia Infante Smith<\/span><\/li>\n<li style=\"font-weight: 400;\" aria-level=\"1\"><b>4\u00b0A \u00a0 <\/b><span style=\"font-weight: 400;\">Crist\u00f2bal Pino Domange y Dominga Villarroel Novoa<\/span><\/li>\n<li style=\"font-weight: 400;\" aria-level=\"1\"><b>4\u00b0B<\/b><span style=\"font-weight: 400;\">\u00a0 \u00a0Le\u00f3n Doerr Yuri y Crist\u00f3bal Espinoza Palacios<\/span><\/li>\n<li style=\"font-weight: 400;\" aria-level=\"1\"><b>5\u00b0A<\/b><span style=\"font-weight: 400;\">\u00a0 \u00a0Dominga Garc\u00eda Becerra y Gael del Castilo Contin<\/span><\/li>\n<li style=\"font-weight: 400;\" aria-level=\"1\"><b>5\u00b0B<\/b><span style=\"font-weight: 400;\">\u00a0 \u00a0Josefina Falc\u00f3n Williamson y Sof\u00eda Salas Isla<\/span><\/li>\n<li style=\"font-weight: 400;\" aria-level=\"1\"><b>6\u00b0A<\/b><span style=\"font-weight: 400;\">\u00a0 \u00a0Zoe Fry Riquelme y Fernando Pino Domange<\/span><\/li>\n<li style=\"font-weight: 400;\" aria-level=\"1\"><b style=\"font-size: 14.4px;\">6\u00b0B \u00a0 <\/b><span style=\"font-weight: 400;\">Clara L\u00f3pez Torres y Joaqu\u00edn Salas Torres<\/span><\/li>\n<\/ul>\n<\/li>\n<\/ul>\n\t\t\n<style>\n#text-3593503816 {\n  text-align: left;\n}\n<\/style>\n\t<\/div>\n\t\n\t<div class=\"img has-hover x md-x lg-x y md-y lg-y\" id=\"image_177205236\">\n\t\t\t\t\t\t\t\t<div class=\"img-inner dark\" >\n\t\t\t<img loading=\"lazy\" decoding=\"async\" width=\"1200\" height=\"810\" src=\"https:\/\/www.sannicolasdemyra.cl\/web\/wp-content\/uploads\/Solidaridad-Senior.png\" class=\"attachment-original size-original\" alt=\"\" srcset=\"https:\/\/www.sannicolasdemyra.cl\/web\/wp-content\/uploads\/Solidaridad-Senior.png 1200w, https:\/\/www.sannicolasdemyra.cl\/web\/wp-content\/uploads\/Solidaridad-Senior-300x203.png 300w, https:\/\/www.sannicolasdemyra.cl\/web\/wp-content\/uploads\/Solidaridad-Senior-1024x691.png 1024w, https:\/\/www.sannicolasdemyra.cl\/web\/wp-content\/uploads\/Solidaridad-Senior-768x518.png 768w\" sizes=\"auto, (max-width: 1200px) 100vw, 1200px\" \/>\t\t\t\t\t\t\n\t\t\t\t\t<\/div>\n\t\t\t\t\t\t\t\t\n<style>\n#image_177205236 {\n  width: 100%;\n}\n<\/style>\n\t<\/div>\n\t\n\t<div id=\"text-3734646587\" class=\"text\">\n\t\t\n<p><strong>Empat\u00eda \/ Senior Level:<\/strong><\/p>\n<ul>\n<li><span style=\"font-weight: 400;\">\u2060<\/span><b> \u20607\u00b0A<\/b><span style=\"font-weight: 400;\"> Joana De Brito Giudici <i>(Ausente)<\/i>\u00a0y Agustina R\u00edo G\u00f3mez<\/span><\/li>\n<li><span style=\"font-weight: 400;\">\u2060 \u2060<\/span><b>7\u00b0B <\/b><span style=\"font-weight: 400;\">Rafael Maccioni Silva y Nicol\u00e1s Triantafilo Ercoli<\/span><\/li>\n<li><b>\u2060 \u20608\u00b0A <\/b><span style=\"font-weight: 400;\">Mar\u00eda Ignacia Vald\u00e9s Gonz\u00e1lez <i>(Ausente)<\/i>\u00a0y Jos\u00e9 Tom\u00e1s Bareyns Palacios<\/span><\/li>\n<li><b>\u2060 \u20608\u00b0B<\/b><span style=\"font-weight: 400;\"> Mar\u00eda Olivia Schulz Montero <\/span><i><span style=\"font-weight: 400;\">(Ausente)<\/span><\/i><span style=\"font-weight: 400;\"> y Matilda Feli\u00fa Zalaquett<\/span><\/li>\n<li><span style=\"font-weight: 400;\">\u2060 <\/span><b>\u2060I A<\/b><span style=\"font-weight: 400;\"> Felipe Covarrubias Valenzuela y Nicol\u00e1s Pe\u00f1a y Lillo Navarrete<\/span><\/li>\n<li><span style=\"font-weight: 400;\">\u2060 <\/span><b>\u2060I B<\/b><span style=\"font-weight: 400;\"> Nicol\u00e1s Campa\u00f1a Bravo y Crist\u00f3bal Tisi Etcheverry<\/span><\/li>\n<li><span style=\"font-weight: 400;\">\u2060\u00a0 \u2060<\/span><b>II A<\/b><span style=\"font-weight: 400;\"> Magdalena Torrealba Lira y Camilo Fern\u00e1ndez Rojas\u00a0<\/span><\/li>\n<li><span style=\"font-weight: 400;\">\u2060<\/span><b>\u00a0 \u2060II B <\/b><span style=\"font-weight: 400;\">Santiago Alfaro Caputo\u00a0 y Maite Gac Andreani<\/span><\/li>\n<li><span style=\"font-weight: 400;\">\u2060\u00a0 \u2060<\/span><b>III A<\/b><span style=\"font-weight: 400;\"> Fernando Gonz\u00e1lez Soto y Ivana Ganoza Llaury<\/span><\/li>\n<li><span style=\"font-weight: 400;\">\u2060\u00a0 <\/span><b>\u2060III B<\/b><span style=\"font-weight: 400;\"> Martina Enero Pancetti y Miguel Valerio Estrada\u00a0<\/span><\/li>\n<li><span style=\"font-weight: 400;\">\u2060\u00a0 <\/span><b>\u2060IV A <\/b><span style=\"font-weight: 400;\">Agustina Escalona Araos y Oscar Gonz\u00e1lez Bolte<\/span><\/li>\n<li><span style=\"font-weight: 400;\">\u2060<\/span><b>\u00a0 \u2060IV B <\/b><span style=\"font-weight: 400;\">Mar\u00eda Jos\u00e9 Campa\u00f1a Bravo (<\/span><i><span style=\"font-weight: 400;\">Ausente) <\/span><\/i><span style=\"font-weight: 400;\">y Amanda Palacios Ide\u00a0<\/span><\/li>\n<\/ul>\n\t\t\n<style>\n#text-3734646587 {\n  text-align: left;\n}\n<\/style>\n\t<\/div>\n\t\n\t\t<\/div>\n\t\t\t\t\t<\/div>\n\n\t\n\n\t<div id=\"col-1289621056\" class=\"col medium-4 small-12 large-4\"  >\n\t\t\t\t<div class=\"col-inner dark\" style=\"background-color:#03263d;\" >\n\t\t\t\n\t\t\t\n\t<div class=\"img has-hover x md-x lg-x y md-y lg-y\" id=\"image_2031762586\">\n\t\t\t\t\t\t\t\t<div class=\"img-inner dark\" >\n\t\t\t\t\t\t\t\t\t\n\t\t\t\t\t<\/div>\n\t\t\t\t\t\t\t\t\n<style>\n#image_2031762586 {\n  width: 100%;\n}\n<\/style>\n\t<\/div>\n\t\n<h3 class=\"thin-font\">La SOLIDARIDAD<\/h3>\n<p>La solidaridad implica mostrar apoyo y compasi\u00f3n hacia quienes lo necesitan, ofreciendo ayuda y colaboraci\u00f3n desinteresada. Los estudiantes deben estar dispuestos a trabajar juntos para enfrentar desaf\u00edos, mostrar empat\u00eda hacia quienes enfrentan dificultades y actuar para contribuir al bienestar y la justicia social en su comunidad. <\/p>\n<p>Es deber del colegio formar personas que ser\u00e1n agente de cambio y que nunca dejen de enternecerse por el dolor ajeno, pero que adem\u00e1s entiendan que la verdadera solidaridad no solo implica preocuparse, sino ocuparse activamente para generar un impacto positivo y duradero en la vida de los dem\u00e1s.<\/p>\n\t<div class=\"img has-hover x md-x lg-x y md-y lg-y\" id=\"image_1475076322\">\n\t\t\t\t\t\t\t\t<div class=\"img-inner dark\" >\n\t\t\t\t\t\t\t\t\t\n\t\t\t\t\t<\/div>\n\t\t\t\t\t\t\t\t\n<style>\n#image_1475076322 {\n  width: 100%;\n}\n<\/style>\n\t<\/div>\n\t\n\t\t<\/div>\n\t\t\t\t\n<style>\n#col-1289621056 > .col-inner {\n  padding: 20px 20px 20px 20px;\n}\n<\/style>\n\t<\/div>\n\n\t\n<\/div>\n\n\t<section class=\"section dark\" id=\"section_471248059\">\n\t\t<div class=\"section-bg fill\" >\n\t\t\t\t\t\t\t\t\t\n\t\t\t\n\n\t\t<\/div>\n\n\t\t\n\t<div class=\"ux-shape-divider ux-shape-divider--bottom ux-shape-divider--style-curve-invert\">\n\t\t<svg viewBox=\"0 0 1000 100\" xmlns=\"http:\/\/www.w3.org\/2000\/svg\" preserveAspectRatio=\"none\">\n\t<path class=\"ux-shape-fill\" d=\"M500 47.0297C184.4 47.0297 -26 100 -26 100H1026C1026 100 815.6 47.0297 500 47.0297ZM1026 -5.94059H-26V-7H1026V-5.94059Z\"\/>\n<\/svg>\n\n\t<\/div>\n\n\t\t<div class=\"section-content relative\">\n\t\t\t\n<div class=\"row hide-for-small\"  id=\"row-1253881764\">\n\n\t<div id=\"col-1984769747\" class=\"col medium-4 small-12 large-4\"  >\n\t\t\t\t<div class=\"col-inner\"  >\n\t\t\t\n\t\t\t\n\t<div class=\"box has-hover   has-hover box-label box-text-bottom\" >\n\n\t\t<div class=\"box-image\" >\n\t\t\t<a href=\"#\" >\t\t\t<div class=\"image-cover\" style=\"padding-top:400px;\">\n\t\t\t\t\t\t\t\t\t\t\t\t\t\t\t<\/div>\n\t\t\t<\/a>\t\t<\/div>\n\n\t\t<div class=\"box-text text-center dark\" style=\"background-color:rgba(0, 0, 0, 0.75);\">\n\t\t\t<div class=\"box-text-inner\">\n\t\t\t\t\n<h4>INGL\u00c9S<\/h4>\n\t\t\t<\/div>\n\t\t<\/div>\n\t<\/div>\n\t\n\t\t<\/div>\n\t\t\t\t\t<\/div>\n\n\t\n\n\t<div id=\"col-1408059597\" class=\"col medium-4 small-12 large-4\"  >\n\t\t\t\t<div class=\"col-inner\"  >\n\t\t\t\n\t\t\t\n\t<div class=\"box has-hover   has-hover box-label box-text-bottom\" >\n\n\t\t<div class=\"box-image\" >\n\t\t\t<a href=\"#\" >\t\t\t<div class=\"image-cover\" style=\"padding-top:400px;\">\n\t\t\t\t\t\t\t\t\t\t\t\t\t\t\t<\/div>\n\t\t\t<\/a>\t\t<\/div>\n\n\t\t<div class=\"box-text text-center dark\" style=\"background-color:rgba(0, 0, 0, 0.75);\">\n\t\t\t<div class=\"box-text-inner\">\n\t\t\t\t\n<h4>SANA CONVIVENCIA<\/h4>\n\t\t\t<\/div>\n\t\t<\/div>\n\t<\/div>\n\t\n\t\t<\/div>\n\t\t\t\t\t<\/div>\n\n\t\n\n\t<div id=\"col-1894792762\" class=\"col medium-4 small-12 large-4\"  >\n\t\t\t\t<div class=\"col-inner\"  >\n\t\t\t\n\t\t\t\n\t<div class=\"box has-hover   has-hover box-label box-text-bottom\" >\n\n\t\t<div class=\"box-image\" >\n\t\t\t<a href=\"#\" >\t\t\t<div class=\"image-cover\" style=\"padding-top:400px;\">\n\t\t\t\t\t\t\t\t\t\t\t\t\t\t\t<\/div>\n\t\t\t<\/a>\t\t<\/div>\n\n\t\t<div class=\"box-text text-center dark\" style=\"background-color:rgba(0, 0, 0, 0.75);\">\n\t\t\t<div class=\"box-text-inner\">\n\t\t\t\t\n<h4>INTERCAMBIOS<\/h4>\n\t\t\t<\/div>\n\t\t<\/div>\n\t<\/div>\n\t\n\t\t<\/div>\n\t\t\t\t\t<\/div>\n\n\t\n<\/div>\n<div class=\"row show-for-small\"  id=\"row-1370177402\">\n\n\t<div id=\"col-2089223255\" class=\"col medium-4 small-12 large-4\"  >\n\t\t\t\t<div class=\"col-inner\"  >\n\t\t\t\n\t\t\t\n<div class=\"slider-wrapper relative\" id=\"slider-1195987222\" >\n    <div class=\"slider slider-nav-dots-simple slider-nav-circle slider-nav-large slider-nav-dark slider-style-normal\"\n        data-flickity-options='{\n            \"cellAlign\": \"center\",\n            \"imagesLoaded\": true,\n            \"lazyLoad\": 1,\n            \"freeScroll\": false,\n            \"wrapAround\": true,\n            \"autoPlay\": 6000,\n            \"pauseAutoPlayOnHover\" : true,\n            \"prevNextButtons\": false,\n            \"contain\" : true,\n            \"adaptiveHeight\" : true,\n            \"dragThreshold\" : 10,\n            \"percentPosition\": true,\n            \"pageDots\": true,\n            \"rightToLeft\": false,\n            \"draggable\": true,\n            \"selectedAttraction\": 0.1,\n            \"parallax\" : 0,\n            \"friction\": 0.6        }'\n        >\n        \n<div class=\"row\"  id=\"row-1481007024\">\n\n\t<div id=\"col-2024602569\" class=\"col medium-6 small-6 large-6\"  >\n\t\t\t\t<div class=\"col-inner\"  >\n\t\t\t\n\t\t\t\n\t<div class=\"box has-hover   has-hover box-label box-text-bottom\" >\n\n\t\t<div class=\"box-image\" >\n\t\t\t<a href=\"#\" >\t\t\t<div class=\"image-cover\" style=\"padding-top:200px;\">\n\t\t\t\t\t\t\t\t\t\t\t\t\t\t\t<\/div>\n\t\t\t<\/a>\t\t<\/div>\n\n\t\t<div class=\"box-text text-center dark\" style=\"background-color:rgba(0, 0, 0, 0.75);\">\n\t\t\t<div class=\"box-text-inner\">\n\t\t\t\t\n<h4>INGL\u00c9S<\/h4>\n\t\t\t<\/div>\n\t\t<\/div>\n\t<\/div>\n\t\n\t\t<\/div>\n\t\t\t\t\t<\/div>\n\n\t\n\n\t<div id=\"col-1609478137\" class=\"col medium-6 small-6 large-6\"  >\n\t\t\t\t<div class=\"col-inner\"  >\n\t\t\t\n\t\t\t\n\t<div class=\"box has-hover   has-hover box-label box-text-bottom\" >\n\n\t\t<div class=\"box-image\" >\n\t\t\t<a href=\"#\" >\t\t\t<div class=\"image-cover\" style=\"padding-top:200px;\">\n\t\t\t\t\t\t\t\t\t\t\t\t\t\t\t<\/div>\n\t\t\t<\/a>\t\t<\/div>\n\n\t\t<div class=\"box-text text-center dark\" style=\"background-color:rgba(0, 0, 0, 0.75);\">\n\t\t\t<div class=\"box-text-inner\">\n\t\t\t\t\n<h4>SANA CONVIVENCIA<\/h4>\n\t\t\t<\/div>\n\t\t<\/div>\n\t<\/div>\n\t\n\t\t<\/div>\n\t\t\t\t\t<\/div>\n\n\t\n<\/div>\n<div class=\"row\"  id=\"row-1805142646\">\n\n\t<div id=\"col-178807621\" class=\"col medium-6 small-6 large-6\"  >\n\t\t\t\t<div class=\"col-inner\"  >\n\t\t\t\n\t\t\t\n\t<div class=\"box has-hover   has-hover box-label box-text-bottom\" >\n\n\t\t<div class=\"box-image\" >\n\t\t\t<a href=\"#\" >\t\t\t<div class=\"image-cover\" style=\"padding-top:200px;\">\n\t\t\t\t\t\t\t\t\t\t\t\t\t\t\t<\/div>\n\t\t\t<\/a>\t\t<\/div>\n\n\t\t<div class=\"box-text text-center dark\" style=\"background-color:rgba(0, 0, 0, 0.75);\">\n\t\t\t<div class=\"box-text-inner\">\n\t\t\t\t\n<h4>SANA CONVIVENCIA<\/h4>\n\t\t\t<\/div>\n\t\t<\/div>\n\t<\/div>\n\t\n\t\t<\/div>\n\t\t\t\t\t<\/div>\n\n\t\n\n\t<div id=\"col-2111817219\" class=\"col medium-4 small-6 large-4\"  >\n\t\t\t\t<div class=\"col-inner\"  >\n\t\t\t\n\t\t\t\n\t<div class=\"box has-hover   has-hover box-label box-text-bottom\" >\n\n\t\t<div class=\"box-image\" >\n\t\t\t<a href=\"#\" >\t\t\t<div class=\"image-cover\" style=\"padding-top:200px;\">\n\t\t\t\t\t\t\t\t\t\t\t\t\t\t\t<\/div>\n\t\t\t<\/a>\t\t<\/div>\n\n\t\t<div class=\"box-text text-center dark\" style=\"background-color:rgba(0, 0, 0, 0.75);\">\n\t\t\t<div class=\"box-text-inner\">\n\t\t\t\t\n<h4>INTERCAMBIOS<\/h4>\n\t\t\t<\/div>\n\t\t<\/div>\n\t<\/div>\n\t\n\t\t<\/div>\n\t\t\t\t\t<\/div>\n\n\t\n<\/div>\n     <\/div>\n\n     <div class=\"loading-spin dark large centered\"><\/div>\n\n\t<\/div>\n\n\n\t\t<\/div>\n\t\t\t\t\t<\/div>\n\n\t\n<\/div>\n\t\t<\/div>\n\n\t\t\n<style>\n#section_471248059 {\n  padding-top: 50px;\n  padding-bottom: 50px;\n  background-color: #03263d;\n}\n#section_471248059 .ux-shape-divider--bottom svg {\n  height: 400px;\n  --divider-width: 300%;\n}\n<\/style>\n\t<\/section>\n\t\n","protected":false},"excerpt":{"rendered":"","protected":false},"author":8,"featured_media":0,"parent":24020,"menu_order":0,"comment_status":"closed","ping_status":"closed","template":"page-blank.php","meta":{"_price":"","_stock":"","_tribe_ticket_header":"","_tribe_default_ticket_provider":"","_tribe_ticket_capacity":"0","_ticket_start_date":"","_ticket_end_date":"","_tribe_ticket_show_description":"","_tribe_ticket_show_not_going":false,"_tribe_ticket_use_global_stock":"","_tribe_ticket_global_stock_level":"","_global_stock_mode":"","_global_stock_cap":"","_tribe_rsvp_for_event":"","_tribe_ticket_going_count":"","_tribe_ticket_not_going_count":"","_tribe_tickets_list":"[]","_tribe_ticket_has_attendee_info_fields":false,"footnotes":"","_tec_slr_enabled":"","_tec_slr_layout":""},"class_list":["post-24623","page","type-page","status-publish","hentry"],"ticketed":false,"_links":{"self":[{"href":"https:\/\/www.sannicolasdemyra.cl\/web\/wp-json\/wp\/v2\/pages\/24623","targetHints":{"allow":["GET"]}}],"collection":[{"href":"https:\/\/www.sannicolasdemyra.cl\/web\/wp-json\/wp\/v2\/pages"}],"about":[{"href":"https:\/\/www.sannicolasdemyra.cl\/web\/wp-json\/wp\/v2\/types\/page"}],"author":[{"embeddable":true,"href":"https:\/\/www.sannicolasdemyra.cl\/web\/wp-json\/wp\/v2\/users\/8"}],"replies":[{"embeddable":true,"href":"https:\/\/www.sannicolasdemyra.cl\/web\/wp-json\/wp\/v2\/comments?post=24623"}],"version-history":[{"count":0,"href":"https:\/\/www.sannicolasdemyra.cl\/web\/wp-json\/wp\/v2\/pages\/24623\/revisions"}],"up":[{"embeddable":true,"href":"https:\/\/www.sannicolasdemyra.cl\/web\/wp-json\/wp\/v2\/pages\/24020"}],"wp:attachment":[{"href":"https:\/\/www.sannicolasdemyra.cl\/web\/wp-json\/wp\/v2\/media?parent=24623"}],"curies":[{"name":"wp","href":"https:\/\/api.w.org\/{rel}","templated":true}]}}