{"id":22785,"date":"2024-12-03T09:18:57","date_gmt":"2024-12-03T12:18:57","guid":{"rendered":"https:\/\/www.sannicolasdemyra.cl\/web\/?post_type=tribe_events&amp;p=22785"},"modified":"2024-12-03T09:18:57","modified_gmt":"2024-12-03T12:18:57","slug":"music-fest","status":"publish","type":"tribe_events","link":"https:\/\/www.sannicolasdemyra.cl\/web\/evento\/music-fest\/","title":{"rendered":"Music Fest"},"content":{"rendered":"<p><span class=\"il\">El Music<\/span> <span class=\"il\">Fest<\/span>, es un momento en que todos nuestros cursos hacen presentaciones musicales que han venido trabajando en sus clases, junto a sus profesores de asignatura. Adem\u00e1s, este a\u00f1o, tendr\u00e1 un lugar especial nuestro Coro, quienes obtuvieron un lugar muy importante recientemente en el Concurso Crecer Cantando. \u00a1Est\u00e9n muy atentos a nuestras redes sociales que transmitiremos todas las piezas musicales!<\/p>\n","protected":false},"excerpt":{"rendered":"<p>El Music Fest, es un momento en que todos nuestros cursos hacen presentaciones musicales que han venido trabajando en sus clases, junto a sus profesores de asignatura. Adem\u00e1s, este a\u00f1o, [&#8230;]\n","protected":false},"author":7,"featured_media":25213,"template":"","meta":{"_price":"","_stock":"","_tribe_ticket_header":"","_tribe_default_ticket_provider":"","_tribe_ticket_capacity":"0","_ticket_start_date":"","_ticket_end_date":"","_tribe_ticket_show_description":"","_tribe_ticket_show_not_going":false,"_tribe_ticket_use_global_stock":"","_tribe_ticket_global_stock_level":"","_global_stock_mode":"","_global_stock_cap":"","_tribe_rsvp_for_event":"","_tribe_ticket_going_count":"","_tribe_ticket_not_going_count":"","_tribe_tickets_list":"[]","_tribe_ticket_has_attendee_info_fields":false,"_tribe_events_status":"","_tribe_events_status_reason":"","footnotes":"","_tec_slr_enabled":"","_tec_slr_layout":""},"tags":[],"tribe_events_cat":[10],"class_list":["post-22785","tribe_events","type-tribe_events","status-publish","has-post-thumbnail","hentry","tribe_events_cat-eventos","cat_eventos"],"ticketed":false,"_links":{"self":[{"href":"https:\/\/www.sannicolasdemyra.cl\/web\/wp-json\/wp\/v2\/tribe_events\/22785","targetHints":{"allow":["GET"]}}],"collection":[{"href":"https:\/\/www.sannicolasdemyra.cl\/web\/wp-json\/wp\/v2\/tribe_events"}],"about":[{"href":"https:\/\/www.sannicolasdemyra.cl\/web\/wp-json\/wp\/v2\/types\/tribe_events"}],"author":[{"embeddable":true,"href":"https:\/\/www.sannicolasdemyra.cl\/web\/wp-json\/wp\/v2\/users\/7"}],"version-history":[{"count":0,"href":"https:\/\/www.sannicolasdemyra.cl\/web\/wp-json\/wp\/v2\/tribe_events\/22785\/revisions"}],"wp:featuredmedia":[{"embeddable":true,"href":"https:\/\/www.sannicolasdemyra.cl\/web\/wp-json\/wp\/v2\/media\/25213"}],"wp:attachment":[{"href":"https:\/\/www.sannicolasdemyra.cl\/web\/wp-json\/wp\/v2\/media?parent=22785"}],"wp:term":[{"taxonomy":"post_tag","embeddable":true,"href":"https:\/\/www.sannicolasdemyra.cl\/web\/wp-json\/wp\/v2\/tags?post=22785"},{"taxonomy":"tribe_events_cat","embeddable":true,"href":"https:\/\/www.sannicolasdemyra.cl\/web\/wp-json\/wp\/v2\/tribe_events_cat?post=22785"}],"curies":[{"name":"wp","href":"https:\/\/api.w.org\/{rel}","templated":true}]}}

<p><span class="il">El Music</span> <span class="il">Fest</span>, es un momento en que todos nuestros cursos hacen presentaciones musicales que han venido trabajando en sus clases, junto a sus profesores de asignatura. Además, este año, tendrá un lugar especial nuestro Coro, quienes obtuvieron un lugar muy importante recientemente en el Concurso Crecer Cantando. ¡Estén muy atentos a nuestras redes sociales que transmitiremos todas las piezas musicales!</p>

<p>El Music Fest, es un momento en que todos nuestros cursos hacen presentaciones musicales que han venido trabajando en sus clases, junto a sus profesores de asignatura. Además, este año, [&#8230;]
