{"id":22998,"date":"2025-01-14T11:18:11","date_gmt":"2025-01-14T14:18:11","guid":{"rendered":"https:\/\/www.sannicolasdemyra.cl\/web\/?post_type=tribe_events&amp;p=22998"},"modified":"2025-01-14T11:18:11","modified_gmt":"2025-01-14T14:18:11","slug":"first-day-1-basico-a-iv-medio","status":"publish","type":"tribe_events","link":"https:\/\/www.sannicolasdemyra.cl\/web\/evento\/first-day-1-basico-a-iv-medio\/","title":{"rendered":"First Day 1\u00b0 B\u00e1sico a IV Medio"},"content":{"rendered":"<p><strong>Con entusiasmo, damos inicio a un nuevo a\u00f1o escolar, donde cada d\u00eda ser\u00e1 una oportunidad para aprender y crecer.<\/strong><br \/>\nDurante la primera semana de clases, el horario de salida para 1\u00b0 B\u00e1sico a IV Medio ser\u00e1 a las 13:30 hrs., sin almuerzo.<br \/>\n<em>El horario normal comenzar\u00e1 el lunes 10.<\/em><\/p>\n","protected":false},"excerpt":{"rendered":"<p>Con entusiasmo, damos inicio a un nuevo a\u00f1o escolar, donde cada d\u00eda ser\u00e1 una oportunidad para aprender y crecer. Durante la primera semana de clases, el horario de salida para [&#8230;]\n","protected":false},"author":7,"featured_media":25220,"template":"","meta":{"_price":"","_stock":"","_tribe_ticket_header":"","_tribe_default_ticket_provider":"","_tribe_ticket_capacity":"0","_ticket_start_date":"","_ticket_end_date":"","_tribe_ticket_show_description":"","_tribe_ticket_show_not_going":false,"_tribe_ticket_use_global_stock":"","_tribe_ticket_global_stock_level":"","_global_stock_mode":"","_global_stock_cap":"","_tribe_rsvp_for_event":"","_tribe_ticket_going_count":"","_tribe_ticket_not_going_count":"","_tribe_tickets_list":"[]","_tribe_ticket_has_attendee_info_fields":false,"_tribe_events_status":"","_tribe_events_status_reason":"","footnotes":"","_tec_slr_enabled":"","_tec_slr_layout":""},"tags":[],"tribe_events_cat":[],"class_list":["post-22998","tribe_events","type-tribe_events","status-publish","has-post-thumbnail","hentry"],"ticketed":false,"_links":{"self":[{"href":"https:\/\/www.sannicolasdemyra.cl\/web\/wp-json\/wp\/v2\/tribe_events\/22998","targetHints":{"allow":["GET"]}}],"collection":[{"href":"https:\/\/www.sannicolasdemyra.cl\/web\/wp-json\/wp\/v2\/tribe_events"}],"about":[{"href":"https:\/\/www.sannicolasdemyra.cl\/web\/wp-json\/wp\/v2\/types\/tribe_events"}],"author":[{"embeddable":true,"href":"https:\/\/www.sannicolasdemyra.cl\/web\/wp-json\/wp\/v2\/users\/7"}],"version-history":[{"count":0,"href":"https:\/\/www.sannicolasdemyra.cl\/web\/wp-json\/wp\/v2\/tribe_events\/22998\/revisions"}],"wp:featuredmedia":[{"embeddable":true,"href":"https:\/\/www.sannicolasdemyra.cl\/web\/wp-json\/wp\/v2\/media\/25220"}],"wp:attachment":[{"href":"https:\/\/www.sannicolasdemyra.cl\/web\/wp-json\/wp\/v2\/media?parent=22998"}],"wp:term":[{"taxonomy":"post_tag","embeddable":true,"href":"https:\/\/www.sannicolasdemyra.cl\/web\/wp-json\/wp\/v2\/tags?post=22998"},{"taxonomy":"tribe_events_cat","embeddable":true,"href":"https:\/\/www.sannicolasdemyra.cl\/web\/wp-json\/wp\/v2\/tribe_events_cat?post=22998"}],"curies":[{"name":"wp","href":"https:\/\/api.w.org\/{rel}","templated":true}]}}

First Day 1° Básico a IV Medio

<p><strong>Con entusiasmo, damos inicio a un nuevo año escolar, donde cada día será una oportunidad para aprender y crecer.</strong><br />
Durante la primera semana de clases, el horario de salida para 1° Básico a IV Medio será a las 13:30 hrs., sin almuerzo.<br />
<em>El horario normal comenzará el lunes 10.</em></p>

<p>Con entusiasmo, damos inicio a un nuevo año escolar, donde cada día será una oportunidad para aprender y crecer. Durante la primera semana de clases, el horario de salida para [&#8230;]
