{"id":23064,"date":"2025-01-14T15:08:16","date_gmt":"2025-01-14T18:08:16","guid":{"rendered":"https:\/\/www.sannicolasdemyra.cl\/web\/?post_type=tribe_events&amp;p=23064"},"modified":"2025-01-14T15:08:16","modified_gmt":"2025-01-14T18:08:16","slug":"23064","status":"publish","type":"tribe_events","link":"https:\/\/www.sannicolasdemyra.cl\/web\/evento\/23064\/","title":{"rendered":"Graduaci\u00f3n IV Medio"},"content":{"rendered":"<p>Nuestra Generaci\u00f3n 2025 vivir\u00e1 su esperada Graduaci\u00f3n. Esta importante ceremonia marcar\u00e1 el final de la etapa escolar de nuestros alumnos y alumnas, quienes comenzar\u00e1n una nueva etapa en sus vidas.<\/p>\n<p><em>M\u00e1s informaci\u00f3n sobre el evento se dar\u00e1 a conocer a medida que se acerque la fecha.<\/em><\/p>\n","protected":false},"excerpt":{"rendered":"<p>Nuestra Generaci\u00f3n 2025 vivir\u00e1 su esperada Graduaci\u00f3n. Esta importante ceremonia marcar\u00e1 el final de la etapa escolar de nuestros alumnos y alumnas, quienes comenzar\u00e1n una nueva etapa en sus vidas. [&#8230;]\n","protected":false},"author":7,"featured_media":23065,"template":"","meta":{"_price":"","_stock":"","_tribe_ticket_header":"","_tribe_default_ticket_provider":"","_tribe_ticket_capacity":"0","_ticket_start_date":"","_ticket_end_date":"","_tribe_ticket_show_description":"","_tribe_ticket_show_not_going":false,"_tribe_ticket_use_global_stock":"","_tribe_ticket_global_stock_level":"","_global_stock_mode":"","_global_stock_cap":"","_tribe_rsvp_for_event":"","_tribe_ticket_going_count":"","_tribe_ticket_not_going_count":"","_tribe_tickets_list":"[]","_tribe_ticket_has_attendee_info_fields":false,"_tribe_events_status":"","_tribe_events_status_reason":"","footnotes":"","_tec_slr_enabled":"","_tec_slr_layout":""},"tags":[],"tribe_events_cat":[],"class_list":["post-23064","tribe_events","type-tribe_events","status-publish","has-post-thumbnail","hentry"],"ticketed":false,"_links":{"self":[{"href":"https:\/\/www.sannicolasdemyra.cl\/web\/wp-json\/wp\/v2\/tribe_events\/23064","targetHints":{"allow":["GET"]}}],"collection":[{"href":"https:\/\/www.sannicolasdemyra.cl\/web\/wp-json\/wp\/v2\/tribe_events"}],"about":[{"href":"https:\/\/www.sannicolasdemyra.cl\/web\/wp-json\/wp\/v2\/types\/tribe_events"}],"author":[{"embeddable":true,"href":"https:\/\/www.sannicolasdemyra.cl\/web\/wp-json\/wp\/v2\/users\/7"}],"version-history":[{"count":0,"href":"https:\/\/www.sannicolasdemyra.cl\/web\/wp-json\/wp\/v2\/tribe_events\/23064\/revisions"}],"wp:featuredmedia":[{"embeddable":true,"href":"https:\/\/www.sannicolasdemyra.cl\/web\/wp-json\/wp\/v2\/media\/23065"}],"wp:attachment":[{"href":"https:\/\/www.sannicolasdemyra.cl\/web\/wp-json\/wp\/v2\/media?parent=23064"}],"wp:term":[{"taxonomy":"post_tag","embeddable":true,"href":"https:\/\/www.sannicolasdemyra.cl\/web\/wp-json\/wp\/v2\/tags?post=23064"},{"taxonomy":"tribe_events_cat","embeddable":true,"href":"https:\/\/www.sannicolasdemyra.cl\/web\/wp-json\/wp\/v2\/tribe_events_cat?post=23064"}],"curies":[{"name":"wp","href":"https:\/\/api.w.org\/{rel}","templated":true}]}}

Graduación IV Medio

<p>Nuestra Generación 2025 vivirá su esperada Graduación. Esta importante ceremonia marcará el final de la etapa escolar de nuestros alumnos y alumnas, quienes comenzarán una nueva etapa en sus vidas.</p>
<p><em>Más información sobre el evento se dará a conocer a medida que se acerque la fecha.</em></p>

<p>Nuestra Generación 2025 vivirá su esperada Graduación. Esta importante ceremonia marcará el final de la etapa escolar de nuestros alumnos y alumnas, quienes comenzarán una nueva etapa en sus vidas. [&#8230;]
