{"id":23068,"date":"2025-01-14T15:11:20","date_gmt":"2025-01-14T18:11:20","guid":{"rendered":"https:\/\/www.sannicolasdemyra.cl\/web\/?post_type=tribe_events&amp;p=23068"},"modified":"2025-01-14T15:11:20","modified_gmt":"2025-01-14T18:11:20","slug":"misa-san-nicolas","status":"publish","type":"tribe_events","link":"https:\/\/www.sannicolasdemyra.cl\/web\/evento\/misa-san-nicolas\/","title":{"rendered":"Misa San Nicol\u00e1s"},"content":{"rendered":"<p>Celebramos nuestro Saint Nicholas Day. Instancia que inicia con una eucarist\u00eda muy especial liderada por el Capell\u00e1n del colegio, Padre Marcelo Isaule, y en donde agradecemos por la exitosa finalizaci\u00f3n del a\u00f1o escolar.<\/p>\n<p><strong><em>Recuerden asistir con uniforme completo formal.<\/em><\/strong><\/p>\n","protected":false},"excerpt":{"rendered":"<p>Celebramos nuestro Saint Nicholas Day. Instancia que inicia con una eucarist\u00eda muy especial liderada por el Capell\u00e1n del colegio, Padre Marcelo Isaule, y en donde agradecemos por la exitosa finalizaci\u00f3n [&#8230;]\n","protected":false},"author":7,"featured_media":25214,"template":"","meta":{"_price":"","_stock":"","_tribe_ticket_header":"","_tribe_default_ticket_provider":"","_tribe_ticket_capacity":"0","_ticket_start_date":"","_ticket_end_date":"","_tribe_ticket_show_description":"","_tribe_ticket_show_not_going":false,"_tribe_ticket_use_global_stock":"","_tribe_ticket_global_stock_level":"","_global_stock_mode":"","_global_stock_cap":"","_tribe_rsvp_for_event":"","_tribe_ticket_going_count":"","_tribe_ticket_not_going_count":"","_tribe_tickets_list":"[]","_tribe_ticket_has_attendee_info_fields":false,"_tribe_events_status":"","_tribe_events_status_reason":"","footnotes":"","_tec_slr_enabled":"","_tec_slr_layout":""},"tags":[],"tribe_events_cat":[],"class_list":["post-23068","tribe_events","type-tribe_events","status-publish","has-post-thumbnail","hentry"],"ticketed":false,"_links":{"self":[{"href":"https:\/\/www.sannicolasdemyra.cl\/web\/wp-json\/wp\/v2\/tribe_events\/23068","targetHints":{"allow":["GET"]}}],"collection":[{"href":"https:\/\/www.sannicolasdemyra.cl\/web\/wp-json\/wp\/v2\/tribe_events"}],"about":[{"href":"https:\/\/www.sannicolasdemyra.cl\/web\/wp-json\/wp\/v2\/types\/tribe_events"}],"author":[{"embeddable":true,"href":"https:\/\/www.sannicolasdemyra.cl\/web\/wp-json\/wp\/v2\/users\/7"}],"version-history":[{"count":0,"href":"https:\/\/www.sannicolasdemyra.cl\/web\/wp-json\/wp\/v2\/tribe_events\/23068\/revisions"}],"wp:featuredmedia":[{"embeddable":true,"href":"https:\/\/www.sannicolasdemyra.cl\/web\/wp-json\/wp\/v2\/media\/25214"}],"wp:attachment":[{"href":"https:\/\/www.sannicolasdemyra.cl\/web\/wp-json\/wp\/v2\/media?parent=23068"}],"wp:term":[{"taxonomy":"post_tag","embeddable":true,"href":"https:\/\/www.sannicolasdemyra.cl\/web\/wp-json\/wp\/v2\/tags?post=23068"},{"taxonomy":"tribe_events_cat","embeddable":true,"href":"https:\/\/www.sannicolasdemyra.cl\/web\/wp-json\/wp\/v2\/tribe_events_cat?post=23068"}],"curies":[{"name":"wp","href":"https:\/\/api.w.org\/{rel}","templated":true}]}}

Misa San Nicolás

<p>Celebramos nuestro Saint Nicholas Day. Instancia que inicia con una eucaristía muy especial liderada por el Capellán del colegio, Padre Marcelo Isaule, y en donde agradecemos por la exitosa finalización del año escolar.</p>
<p><strong><em>Recuerden asistir con uniforme completo formal.</em></strong></p>

<p>Celebramos nuestro Saint Nicholas Day. Instancia que inicia con una eucaristía muy especial liderada por el Capellán del colegio, Padre Marcelo Isaule, y en donde agradecemos por la exitosa finalización [&#8230;]
