{"id":23074,"date":"2025-01-14T15:22:28","date_gmt":"2025-01-14T18:22:28","guid":{"rendered":"https:\/\/www.sannicolasdemyra.cl\/web\/?post_type=tribe_events&#038;p=23074"},"modified":"2025-11-29T20:10:22","modified_gmt":"2025-11-29T23:10:22","slug":"ultimo-dia-de-clases-y-show-fin-de-ano-infant-school","status":"publish","type":"tribe_events","link":"https:\/\/www.sannicolasdemyra.cl\/web\/evento\/ultimo-dia-de-clases-y-show-fin-de-ano-infant-school\/","title":{"rendered":"Show Fin de A\u00f1o Infant School"},"content":{"rendered":"<p>El Show inicia a las 8:30 hrs y luego se retiran a sus hogares.<\/p>\n<p><em>M\u00e1s informaci\u00f3n sobre el evento se dar\u00e1 a conocer a medida que se acerque la fecha.<\/em><\/p>\n","protected":false},"excerpt":{"rendered":"<p>El Show inicia a las 8:30 hrs y luego se retiran a sus hogares. M\u00e1s informaci\u00f3n sobre el evento se dar\u00e1 a conocer a medida que se acerque la fecha.<\/p>\n","protected":false},"author":7,"featured_media":25216,"template":"","meta":{"_price":"","_stock":"","_tribe_ticket_header":"","_tribe_default_ticket_provider":"","_tribe_ticket_capacity":"0","_ticket_start_date":"","_ticket_end_date":"","_tribe_ticket_show_description":"","_tribe_ticket_show_not_going":false,"_tribe_ticket_use_global_stock":"","_tribe_ticket_global_stock_level":"","_global_stock_mode":"","_global_stock_cap":"","_tribe_rsvp_for_event":"","_tribe_ticket_going_count":"","_tribe_ticket_not_going_count":"","_tribe_tickets_list":"[]","_tribe_ticket_has_attendee_info_fields":false,"_tribe_events_status":"","_tribe_events_status_reason":"","footnotes":"","_tec_slr_enabled":"","_tec_slr_layout":""},"tags":[],"tribe_events_cat":[],"class_list":["post-23074","tribe_events","type-tribe_events","status-publish","has-post-thumbnail","hentry"],"ticketed":false,"_links":{"self":[{"href":"https:\/\/www.sannicolasdemyra.cl\/web\/wp-json\/wp\/v2\/tribe_events\/23074","targetHints":{"allow":["GET"]}}],"collection":[{"href":"https:\/\/www.sannicolasdemyra.cl\/web\/wp-json\/wp\/v2\/tribe_events"}],"about":[{"href":"https:\/\/www.sannicolasdemyra.cl\/web\/wp-json\/wp\/v2\/types\/tribe_events"}],"author":[{"embeddable":true,"href":"https:\/\/www.sannicolasdemyra.cl\/web\/wp-json\/wp\/v2\/users\/7"}],"version-history":[{"count":0,"href":"https:\/\/www.sannicolasdemyra.cl\/web\/wp-json\/wp\/v2\/tribe_events\/23074\/revisions"}],"wp:featuredmedia":[{"embeddable":true,"href":"https:\/\/www.sannicolasdemyra.cl\/web\/wp-json\/wp\/v2\/media\/25216"}],"wp:attachment":[{"href":"https:\/\/www.sannicolasdemyra.cl\/web\/wp-json\/wp\/v2\/media?parent=23074"}],"wp:term":[{"taxonomy":"post_tag","embeddable":true,"href":"https:\/\/www.sannicolasdemyra.cl\/web\/wp-json\/wp\/v2\/tags?post=23074"},{"taxonomy":"tribe_events_cat","embeddable":true,"href":"https:\/\/www.sannicolasdemyra.cl\/web\/wp-json\/wp\/v2\/tribe_events_cat?post=23074"}],"curies":[{"name":"wp","href":"https:\/\/api.w.org\/{rel}","templated":true}]}}

Show Fin de Año Infant School

<p>El Show inicia a las 8:30 hrs y luego se retiran a sus hogares.</p>
<p><em>Más información sobre el evento se dará a conocer a medida que se acerque la fecha.</em></p>

<p>El Show inicia a las 8:30 hrs y luego se retiran a sus hogares. Más información sobre el evento se dará a conocer a medida que se acerque la fecha.</p>
