{"id":25172,"date":"2024-12-03T09:59:14","date_gmt":"2024-12-03T12:59:14","guid":{"rendered":"https:\/\/www.sannicolasdemyra.cl\/web\/?post_type=tribe_events&amp;p=22813"},"modified":"2024-12-03T09:59:14","modified_gmt":"2024-12-03T12:59:14","slug":"premiacion-fin-de-ano","status":"publish","type":"tribe_events","link":"https:\/\/www.sannicolasdemyra.cl\/web\/evento\/premiacion-fin-de-ano\/","title":{"rendered":"Premiaci\u00f3n Fin de A\u00f1o"},"content":{"rendered":"<p>Premiaci\u00f3n Fin de A\u00f1o, 1\u00b0 B\u00e1sico a III Medio, Patio Central<br \/>\n<strong><em>Recuerden asistir con uniforme completo formal.<\/em><\/strong><\/p>\n","protected":false},"excerpt":{"rendered":"<p>Premiaci\u00f3n Fin de A\u00f1o, 1\u00b0 B\u00e1sico a III Medio, Patio Central Recuerden asistir con uniforme completo formal.<\/p>\n","protected":false},"author":7,"featured_media":0,"template":"","meta":{"_price":"","_stock":"","_tribe_ticket_header":"","_tribe_default_ticket_provider":"","_tribe_ticket_capacity":"0","_ticket_start_date":"","_ticket_end_date":"","_tribe_ticket_show_description":"","_tribe_ticket_show_not_going":false,"_tribe_ticket_use_global_stock":"","_tribe_ticket_global_stock_level":"","_global_stock_mode":"","_global_stock_cap":"","_tribe_rsvp_for_event":"","_tribe_ticket_going_count":"","_tribe_ticket_not_going_count":"","_tribe_tickets_list":"[]","_tribe_ticket_has_attendee_info_fields":false,"_tribe_events_status":"","_tribe_events_status_reason":"","footnotes":"","_tec_slr_enabled":"","_tec_slr_layout":""},"tags":[],"tribe_events_cat":[],"class_list":["post-25172","tribe_events","type-tribe_events","status-publish","hentry"],"ticketed":false,"_links":{"self":[{"href":"https:\/\/www.sannicolasdemyra.cl\/web\/wp-json\/wp\/v2\/tribe_events\/25172","targetHints":{"allow":["GET"]}}],"collection":[{"href":"https:\/\/www.sannicolasdemyra.cl\/web\/wp-json\/wp\/v2\/tribe_events"}],"about":[{"href":"https:\/\/www.sannicolasdemyra.cl\/web\/wp-json\/wp\/v2\/types\/tribe_events"}],"author":[{"embeddable":true,"href":"https:\/\/www.sannicolasdemyra.cl\/web\/wp-json\/wp\/v2\/users\/7"}],"version-history":[{"count":0,"href":"https:\/\/www.sannicolasdemyra.cl\/web\/wp-json\/wp\/v2\/tribe_events\/25172\/revisions"}],"wp:attachment":[{"href":"https:\/\/www.sannicolasdemyra.cl\/web\/wp-json\/wp\/v2\/media?parent=25172"}],"wp:term":[{"taxonomy":"post_tag","embeddable":true,"href":"https:\/\/www.sannicolasdemyra.cl\/web\/wp-json\/wp\/v2\/tags?post=25172"},{"taxonomy":"tribe_events_cat","embeddable":true,"href":"https:\/\/www.sannicolasdemyra.cl\/web\/wp-json\/wp\/v2\/tribe_events_cat?post=25172"}],"curies":[{"name":"wp","href":"https:\/\/api.w.org\/{rel}","templated":true}]}}

Premiación Fin de Año

<p>Premiación Fin de Año, 1° Básico a III Medio, Patio Central<br />
<strong><em>Recuerden asistir con uniforme completo formal.</em></strong></p>

<p>Premiación Fin de Año, 1° Básico a III Medio, Patio Central Recuerden asistir con uniforme completo formal.</p>
