{"id":25181,"date":"2024-12-03T10:18:50","date_gmt":"2024-12-03T13:18:50","guid":{"rendered":"https:\/\/www.sannicolasdemyra.cl\/web\/?post_type=tribe_events&amp;p=22835"},"modified":"2024-12-03T10:18:50","modified_gmt":"2024-12-03T13:18:50","slug":"fiesta-de-graduacion-iv-medio","status":"publish","type":"tribe_events","link":"https:\/\/www.sannicolasdemyra.cl\/web\/evento\/fiesta-de-graduacion-iv-medio\/","title":{"rendered":"Fiesta de Graduaci\u00f3n IV Medio"},"content":{"rendered":"<p>Fiesta de Graduaci\u00f3n IV Medio, Club H\u00edpico<\/p>\n","protected":false},"excerpt":{"rendered":"<p>Fiesta de Graduaci\u00f3n IV Medio, Club H\u00edpico<\/p>\n","protected":false},"author":7,"featured_media":0,"template":"","meta":{"_price":"","_stock":"","_tribe_ticket_header":"","_tribe_default_ticket_provider":"","_tribe_ticket_capacity":"0","_ticket_start_date":"","_ticket_end_date":"","_tribe_ticket_show_description":"","_tribe_ticket_show_not_going":false,"_tribe_ticket_use_global_stock":"","_tribe_ticket_global_stock_level":"","_global_stock_mode":"","_global_stock_cap":"","_tribe_rsvp_for_event":"","_tribe_ticket_going_count":"","_tribe_ticket_not_going_count":"","_tribe_tickets_list":"[]","_tribe_ticket_has_attendee_info_fields":false,"_tribe_events_status":"","_tribe_events_status_reason":"","footnotes":"","_tec_slr_enabled":"","_tec_slr_layout":""},"tags":[],"tribe_events_cat":[],"class_list":["post-25181","tribe_events","type-tribe_events","status-publish","hentry"],"ticketed":false,"_links":{"self":[{"href":"https:\/\/www.sannicolasdemyra.cl\/web\/wp-json\/wp\/v2\/tribe_events\/25181","targetHints":{"allow":["GET"]}}],"collection":[{"href":"https:\/\/www.sannicolasdemyra.cl\/web\/wp-json\/wp\/v2\/tribe_events"}],"about":[{"href":"https:\/\/www.sannicolasdemyra.cl\/web\/wp-json\/wp\/v2\/types\/tribe_events"}],"author":[{"embeddable":true,"href":"https:\/\/www.sannicolasdemyra.cl\/web\/wp-json\/wp\/v2\/users\/7"}],"version-history":[{"count":0,"href":"https:\/\/www.sannicolasdemyra.cl\/web\/wp-json\/wp\/v2\/tribe_events\/25181\/revisions"}],"wp:attachment":[{"href":"https:\/\/www.sannicolasdemyra.cl\/web\/wp-json\/wp\/v2\/media?parent=25181"}],"wp:term":[{"taxonomy":"post_tag","embeddable":true,"href":"https:\/\/www.sannicolasdemyra.cl\/web\/wp-json\/wp\/v2\/tags?post=25181"},{"taxonomy":"tribe_events_cat","embeddable":true,"href":"https:\/\/www.sannicolasdemyra.cl\/web\/wp-json\/wp\/v2\/tribe_events_cat?post=25181"}],"curies":[{"name":"wp","href":"https:\/\/api.w.org\/{rel}","templated":true}]}}

Fiesta de Graduación IV Medio

<p>Fiesta de Graduación IV Medio, Club Hípico</p>
