{"id":26802,"date":"2025-06-26T10:31:10","date_gmt":"2025-06-26T14:31:10","guid":{"rendered":"https:\/\/www.sannicolasdemyra.cl\/web\/?post_type=tribe_events&#038;p=26802"},"modified":"2025-06-26T10:31:38","modified_gmt":"2025-06-26T14:31:38","slug":"26802","status":"publish","type":"tribe_events","link":"https:\/\/www.sannicolasdemyra.cl\/web\/evento\/26802\/","title":{"rendered":"Charla Formativa -Apoderados 6\u00b0 B\u00e1sico"},"content":{"rendered":"<p>Charla Formativa sobre Adolescencia. Apoderados Invitados: 6\u00b0B\u00e1sicos<\/p>\n<p><a href=\"https:\/\/www.sannicolasdemyra.cl\/web\/wp-content\/uploads\/Charla-del-Departamento-de-Psicologia-y-Formacion-Martes-22-de-julio.pdf\" target=\"_blank\" rel=\"noopener\">M\u00e1s informaci\u00f3n aqu\u00ed<\/a><\/p>\n","protected":false},"excerpt":{"rendered":"<p>Charla Formativa sobre Adolescencia. Apoderados Invitados: 6\u00b0B\u00e1sicos M\u00e1s informaci\u00f3n aqu\u00ed<\/p>\n","protected":false},"author":8,"featured_media":0,"template":"","meta":{"_price":"","_stock":"","_tribe_ticket_header":"","_tribe_default_ticket_provider":"","_tribe_ticket_capacity":"0","_ticket_start_date":"","_ticket_end_date":"","_tribe_ticket_show_description":"","_tribe_ticket_show_not_going":false,"_tribe_ticket_use_global_stock":"","_tribe_ticket_global_stock_level":"","_global_stock_mode":"","_global_stock_cap":"","_tribe_rsvp_for_event":"","_tribe_ticket_going_count":"","_tribe_ticket_not_going_count":"","_tribe_tickets_list":"[]","_tribe_ticket_has_attendee_info_fields":false,"_tribe_events_status":"","_tribe_events_status_reason":"","footnotes":"","_tec_slr_enabled":"","_tec_slr_layout":""},"tags":[],"tribe_events_cat":[],"class_list":["post-26802","tribe_events","type-tribe_events","status-publish","hentry"],"ticketed":false,"_links":{"self":[{"href":"https:\/\/www.sannicolasdemyra.cl\/web\/wp-json\/wp\/v2\/tribe_events\/26802","targetHints":{"allow":["GET"]}}],"collection":[{"href":"https:\/\/www.sannicolasdemyra.cl\/web\/wp-json\/wp\/v2\/tribe_events"}],"about":[{"href":"https:\/\/www.sannicolasdemyra.cl\/web\/wp-json\/wp\/v2\/types\/tribe_events"}],"author":[{"embeddable":true,"href":"https:\/\/www.sannicolasdemyra.cl\/web\/wp-json\/wp\/v2\/users\/8"}],"version-history":[{"count":0,"href":"https:\/\/www.sannicolasdemyra.cl\/web\/wp-json\/wp\/v2\/tribe_events\/26802\/revisions"}],"wp:attachment":[{"href":"https:\/\/www.sannicolasdemyra.cl\/web\/wp-json\/wp\/v2\/media?parent=26802"}],"wp:term":[{"taxonomy":"post_tag","embeddable":true,"href":"https:\/\/www.sannicolasdemyra.cl\/web\/wp-json\/wp\/v2\/tags?post=26802"},{"taxonomy":"tribe_events_cat","embeddable":true,"href":"https:\/\/www.sannicolasdemyra.cl\/web\/wp-json\/wp\/v2\/tribe_events_cat?post=26802"}],"curies":[{"name":"wp","href":"https:\/\/api.w.org\/{rel}","templated":true}]}}

Charla Formativa -Apoderados 6° Básico

<p>Charla Formativa sobre Adolescencia. Apoderados Invitados: 6°Básicos</p>
<p><a href="https://www.sannicolasdemyra.cl/web/wp-content/uploads/Charla-del-Departamento-de-Psicologia-y-Formacion-Martes-22-de-julio.pdf" target="_blank" rel="noopener">Más información aquí</a></p>

<p>Charla Formativa sobre Adolescencia. Apoderados Invitados: 6°Básicos Más información aquí</p>
