{"id":26883,"date":"2025-07-13T11:57:58","date_gmt":"2025-07-13T15:57:58","guid":{"rendered":"https:\/\/www.sannicolasdemyra.cl\/web\/?post_type=tribe_events&#038;p=26883"},"modified":"2025-07-13T11:57:59","modified_gmt":"2025-07-13T15:57:59","slug":"winter-wonder-walk","status":"publish","type":"tribe_events","link":"https:\/\/www.sannicolasdemyra.cl\/web\/evento\/winter-wonder-walk\/","title":{"rendered":"Winter Wonder Walk!"},"content":{"rendered":"<p>Los invitamos a vivir una tarde inolvidable, con historias, manualidades, luces y juegos que despiertan la imaginaci\u00f3n y el asombro.<\/p>\n<p>Una experiencia m\u00e1gica para ni\u00f1os y ni\u00f1as de 2 a 6 a\u00f1os.<br \/>\nEl viernes 18 de julio a las 17:00 hrs<br \/>\nActividad gratuita con <strong>inscripci\u00f3n previa<\/strong><\/p>\n<p>Esperamos a las familias del colegio y a vecinos con ni\u00f1os peque\u00f1os.<\/p>\n<p><a href=\"https:\/\/l.instagram.com\/?u=https%3A%2F%2Fdocs.google.com%2Fforms%2Fd%2Fe%2F1FAIpQLSc_IEoPtDDqksCfKjHjMW2dzEkUr-t5zXk03Z75HdLgZWZ0Ig%2Fviewform%3Fusp%3Dheader%26fbclid%3DPAZXh0bgNhZW0CMTEAAaefXuGqS_MqJhrxrEGeo3TDcP98FR-3pOWCnRQQ-uHyNJI59QHyXTE-QzbtRA_aem_MryPOpIPc1PF36WI0U7YoA&amp;e=AT2XlZ_7V9dUYzx_bG2i5P1txzSivFrvXrUjklZHNzM-hogymcpLvvUJQ-XZfQHGaK-uflZl25Wql83OljYu2kMLVBfhiHmNE8Wc7A\" target=\"_blank\" rel=\"noopener\">Invitaci\u00f3n para alumnos del colegio aqu\u00ed<\/a><\/p>\n<p><a href=\"https:\/\/l.instagram.com\/?u=https%3A%2F%2Fdocs.google.com%2Fforms%2Fd%2Fe%2F1FAIpQLSdG6XY3nQdwdtJugu0SBkfFjvDd8WbvQ7QaZJCwYWeYpXF7RA%2Fviewform%3Fusp%3Ddialog%26fbclid%3DPAZXh0bgNhZW0CMTEAAac5YNoxQgW-m1rIBog7wKR3pR4OD2vPLqj1nbk9esKDRBXf9XdQNrZd-OeVrQ_aem_wYvxWtoxZCyJXa2sA3Nsgg&amp;e=AT0YJW_L-JJpZzedDErE9i8KhhCEp5OUc3XrTbE73FA54UFGP_UckK3-1s7mEbOmV8x9gO593vovy5XGhcQamRqf-F9s_PB_JY92Mw\" target=\"_blank\" rel=\"noopener\">Invitaci\u00f3n para vecinos del colegio aqu\u00ed<\/a><\/p>\n","protected":false},"excerpt":{"rendered":"<p>Los invitamos a vivir una tarde inolvidable, con historias, manualidades, luces y juegos que despiertan la imaginaci\u00f3n y el asombro. Una experiencia m\u00e1gica para ni\u00f1os y ni\u00f1as de 2 a [&#8230;]\n","protected":false},"author":8,"featured_media":0,"template":"","meta":{"_price":"","_stock":"","_tribe_ticket_header":"","_tribe_default_ticket_provider":"","_tribe_ticket_capacity":"0","_ticket_start_date":"","_ticket_end_date":"","_tribe_ticket_show_description":"","_tribe_ticket_show_not_going":false,"_tribe_ticket_use_global_stock":"","_tribe_ticket_global_stock_level":"","_global_stock_mode":"","_global_stock_cap":"","_tribe_rsvp_for_event":"","_tribe_ticket_going_count":"","_tribe_ticket_not_going_count":"","_tribe_tickets_list":"[]","_tribe_ticket_has_attendee_info_fields":false,"_tribe_events_status":"","_tribe_events_status_reason":"","footnotes":"","_tec_slr_enabled":"","_tec_slr_layout":""},"tags":[],"tribe_events_cat":[],"class_list":["post-26883","tribe_events","type-tribe_events","status-publish","hentry"],"ticketed":false,"_links":{"self":[{"href":"https:\/\/www.sannicolasdemyra.cl\/web\/wp-json\/wp\/v2\/tribe_events\/26883","targetHints":{"allow":["GET"]}}],"collection":[{"href":"https:\/\/www.sannicolasdemyra.cl\/web\/wp-json\/wp\/v2\/tribe_events"}],"about":[{"href":"https:\/\/www.sannicolasdemyra.cl\/web\/wp-json\/wp\/v2\/types\/tribe_events"}],"author":[{"embeddable":true,"href":"https:\/\/www.sannicolasdemyra.cl\/web\/wp-json\/wp\/v2\/users\/8"}],"version-history":[{"count":0,"href":"https:\/\/www.sannicolasdemyra.cl\/web\/wp-json\/wp\/v2\/tribe_events\/26883\/revisions"}],"wp:attachment":[{"href":"https:\/\/www.sannicolasdemyra.cl\/web\/wp-json\/wp\/v2\/media?parent=26883"}],"wp:term":[{"taxonomy":"post_tag","embeddable":true,"href":"https:\/\/www.sannicolasdemyra.cl\/web\/wp-json\/wp\/v2\/tags?post=26883"},{"taxonomy":"tribe_events_cat","embeddable":true,"href":"https:\/\/www.sannicolasdemyra.cl\/web\/wp-json\/wp\/v2\/tribe_events_cat?post=26883"}],"curies":[{"name":"wp","href":"https:\/\/api.w.org\/{rel}","templated":true}]}}

<p>Los invitamos a vivir una tarde inolvidable, con historias, manualidades, luces y juegos que despiertan la imaginación y el asombro.</p>
<p>Una experiencia mágica para niños y niñas de 2 a 6 años.<br />
El viernes 18 de julio a las 17:00 hrs<br />
Actividad gratuita con <strong>inscripción previa</strong></p>
<p>Esperamos a las familias del colegio y a vecinos con niños pequeños.</p>
<p><a href="https://l.instagram.com/?u=https%3A%2F%2Fdocs.google.com%2Fforms%2Fd%2Fe%2F1FAIpQLSc_IEoPtDDqksCfKjHjMW2dzEkUr-t5zXk03Z75HdLgZWZ0Ig%2Fviewform%3Fusp%3Dheader%26fbclid%3DPAZXh0bgNhZW0CMTEAAaefXuGqS_MqJhrxrEGeo3TDcP98FR-3pOWCnRQQ-uHyNJI59QHyXTE-QzbtRA_aem_MryPOpIPc1PF36WI0U7YoA&amp;e=AT2XlZ_7V9dUYzx_bG2i5P1txzSivFrvXrUjklZHNzM-hogymcpLvvUJQ-XZfQHGaK-uflZl25Wql83OljYu2kMLVBfhiHmNE8Wc7A" target="_blank" rel="noopener">Invitación para alumnos del colegio aquí</a></p>
<p><a href="https://l.instagram.com/?u=https%3A%2F%2Fdocs.google.com%2Fforms%2Fd%2Fe%2F1FAIpQLSdG6XY3nQdwdtJugu0SBkfFjvDd8WbvQ7QaZJCwYWeYpXF7RA%2Fviewform%3Fusp%3Ddialog%26fbclid%3DPAZXh0bgNhZW0CMTEAAac5YNoxQgW-m1rIBog7wKR3pR4OD2vPLqj1nbk9esKDRBXf9XdQNrZd-OeVrQ_aem_wYvxWtoxZCyJXa2sA3Nsgg&amp;e=AT0YJW_L-JJpZzedDErE9i8KhhCEp5OUc3XrTbE73FA54UFGP_UckK3-1s7mEbOmV8x9gO593vovy5XGhcQamRqf-F9s_PB_JY92Mw" target="_blank" rel="noopener">Invitación para vecinos del colegio aquí</a></p>

<p>Los invitamos a vivir una tarde inolvidable, con historias, manualidades, luces y juegos que despiertan la imaginación y el asombro. Una experiencia mágica para niños y niñas de 2 a [&#8230;]
