{"id":27063,"date":"2025-08-04T06:08:35","date_gmt":"2025-08-04T10:08:35","guid":{"rendered":"https:\/\/www.sannicolasdemyra.cl\/web\/?post_type=tribe_events&#038;p=27063"},"modified":"2025-08-04T06:08:35","modified_gmt":"2025-08-04T10:08:35","slug":"llevamos-la-ayuda-fraterna-a-rancagua","status":"publish","type":"tribe_events","link":"https:\/\/www.sannicolasdemyra.cl\/web\/evento\/llevamos-la-ayuda-fraterna-a-rancagua\/","title":{"rendered":"\u00a1Llevamos la Ayuda Fraterna  a Rancagua!"},"content":{"rendered":"<p> S\u00e1bado 30 de agosto: Algunas familias de nuestra comunidad viajar\u00e1n a<br \/>\nRancagua para entregar personalmente la Ayuda Fraterna que mes a mes<br \/>\nrecolectamos con cari\u00f1o.<br \/>\n Quienes deseen sumarse a esta linda experiencia pueden inscribirse en el<br \/>\nsiguiente formulario:<a href=\"https:\/\/docs.google.com\/forms\/d\/e\/1FAIpQLSckWWFEz_yzJ6qz_GHsuDePnB1ZXKG0kOkSY_b3YpyiWKMw6g\/viewform\" target=\"_blank\" rel=\"noopener\"> Aqu\u00ed<\/a><\/p>\n","protected":false},"excerpt":{"rendered":"<p>S\u00e1bado 30 de agosto: Algunas familias de nuestra comunidad viajar\u00e1n a Rancagua para entregar personalmente la Ayuda Fraterna que mes a mes recolectamos con cari\u00f1o. Quienes deseen sumarse a esta [&#8230;]\n","protected":false},"author":8,"featured_media":0,"template":"","meta":{"_price":"","_stock":"","_tribe_ticket_header":"","_tribe_default_ticket_provider":"","_tribe_ticket_capacity":"0","_ticket_start_date":"","_ticket_end_date":"","_tribe_ticket_show_description":"","_tribe_ticket_show_not_going":false,"_tribe_ticket_use_global_stock":"","_tribe_ticket_global_stock_level":"","_global_stock_mode":"","_global_stock_cap":"","_tribe_rsvp_for_event":"","_tribe_ticket_going_count":"","_tribe_ticket_not_going_count":"","_tribe_tickets_list":"[]","_tribe_ticket_has_attendee_info_fields":false,"_tribe_events_status":"","_tribe_events_status_reason":"","footnotes":"","_tec_slr_enabled":"","_tec_slr_layout":""},"tags":[],"tribe_events_cat":[],"class_list":["post-27063","tribe_events","type-tribe_events","status-publish","hentry"],"ticketed":false,"_links":{"self":[{"href":"https:\/\/www.sannicolasdemyra.cl\/web\/wp-json\/wp\/v2\/tribe_events\/27063","targetHints":{"allow":["GET"]}}],"collection":[{"href":"https:\/\/www.sannicolasdemyra.cl\/web\/wp-json\/wp\/v2\/tribe_events"}],"about":[{"href":"https:\/\/www.sannicolasdemyra.cl\/web\/wp-json\/wp\/v2\/types\/tribe_events"}],"author":[{"embeddable":true,"href":"https:\/\/www.sannicolasdemyra.cl\/web\/wp-json\/wp\/v2\/users\/8"}],"version-history":[{"count":0,"href":"https:\/\/www.sannicolasdemyra.cl\/web\/wp-json\/wp\/v2\/tribe_events\/27063\/revisions"}],"wp:attachment":[{"href":"https:\/\/www.sannicolasdemyra.cl\/web\/wp-json\/wp\/v2\/media?parent=27063"}],"wp:term":[{"taxonomy":"post_tag","embeddable":true,"href":"https:\/\/www.sannicolasdemyra.cl\/web\/wp-json\/wp\/v2\/tags?post=27063"},{"taxonomy":"tribe_events_cat","embeddable":true,"href":"https:\/\/www.sannicolasdemyra.cl\/web\/wp-json\/wp\/v2\/tribe_events_cat?post=27063"}],"curies":[{"name":"wp","href":"https:\/\/api.w.org\/{rel}","templated":true}]}}

<p> Sábado 30 de agosto: Algunas familias de nuestra comunidad viajarán a<br />
Rancagua para entregar personalmente la Ayuda Fraterna que mes a mes<br />
recolectamos con cariño.<br />
 Quienes deseen sumarse a esta linda experiencia pueden inscribirse en el<br />
siguiente formulario:<a href="https://docs.google.com/forms/d/e/1FAIpQLSckWWFEz_yzJ6qz_GHsuDePnB1ZXKG0kOkSY_b3YpyiWKMw6g/viewform" target="_blank" rel="noopener"> Aquí</a></p>

<p>Sábado 30 de agosto: Algunas familias de nuestra comunidad viajarán a Rancagua para entregar personalmente la Ayuda Fraterna que mes a mes recolectamos con cariño. Quienes deseen sumarse a esta [&#8230;]
