{"id":27433,"date":"2025-10-25T09:26:04","date_gmt":"2025-10-25T12:26:04","guid":{"rendered":"https:\/\/www.sannicolasdemyra.cl\/web\/?post_type=tribe_events&#038;p=27433"},"modified":"2025-10-25T09:26:04","modified_gmt":"2025-10-25T12:26:04","slug":"colecta-nacional-don-bosco","status":"publish","type":"tribe_events","link":"https:\/\/www.sannicolasdemyra.cl\/web\/evento\/colecta-nacional-don-bosco\/","title":{"rendered":"Colecta Nacional Don Bosco"},"content":{"rendered":"<p>Fundaci\u00f3n Don Bosco, obra salesiana que por m\u00e1s de 25 a\u00f1os acompa\u00f1a a ni\u00f1os, ni\u00f1as y j\u00f3venes que han vivido en situaci\u00f3n de calle o con graves vulneraciones de derechos, brindando acogida, apoyo psicosocial, educaci\u00f3n y oportunidades reales de transformaci\u00f3n.<\/p>\n","protected":false},"excerpt":{"rendered":"<p>Fundaci\u00f3n Don Bosco, obra salesiana que por m\u00e1s de 25 a\u00f1os acompa\u00f1a a ni\u00f1os, ni\u00f1as y j\u00f3venes que han vivido en situaci\u00f3n de calle o con graves vulneraciones de derechos, [&#8230;]\n","protected":false},"author":8,"featured_media":0,"template":"","meta":{"_price":"","_stock":"","_tribe_ticket_header":"","_tribe_default_ticket_provider":"","_tribe_ticket_capacity":"0","_ticket_start_date":"","_ticket_end_date":"","_tribe_ticket_show_description":"","_tribe_ticket_show_not_going":false,"_tribe_ticket_use_global_stock":"","_tribe_ticket_global_stock_level":"","_global_stock_mode":"","_global_stock_cap":"","_tribe_rsvp_for_event":"","_tribe_ticket_going_count":"","_tribe_ticket_not_going_count":"","_tribe_tickets_list":"[]","_tribe_ticket_has_attendee_info_fields":false,"_tribe_events_status":"","_tribe_events_status_reason":"","footnotes":"","_tec_slr_enabled":"","_tec_slr_layout":""},"tags":[],"tribe_events_cat":[],"class_list":["post-27433","tribe_events","type-tribe_events","status-publish","hentry"],"ticketed":false,"_links":{"self":[{"href":"https:\/\/www.sannicolasdemyra.cl\/web\/wp-json\/wp\/v2\/tribe_events\/27433","targetHints":{"allow":["GET"]}}],"collection":[{"href":"https:\/\/www.sannicolasdemyra.cl\/web\/wp-json\/wp\/v2\/tribe_events"}],"about":[{"href":"https:\/\/www.sannicolasdemyra.cl\/web\/wp-json\/wp\/v2\/types\/tribe_events"}],"author":[{"embeddable":true,"href":"https:\/\/www.sannicolasdemyra.cl\/web\/wp-json\/wp\/v2\/users\/8"}],"version-history":[{"count":0,"href":"https:\/\/www.sannicolasdemyra.cl\/web\/wp-json\/wp\/v2\/tribe_events\/27433\/revisions"}],"wp:attachment":[{"href":"https:\/\/www.sannicolasdemyra.cl\/web\/wp-json\/wp\/v2\/media?parent=27433"}],"wp:term":[{"taxonomy":"post_tag","embeddable":true,"href":"https:\/\/www.sannicolasdemyra.cl\/web\/wp-json\/wp\/v2\/tags?post=27433"},{"taxonomy":"tribe_events_cat","embeddable":true,"href":"https:\/\/www.sannicolasdemyra.cl\/web\/wp-json\/wp\/v2\/tribe_events_cat?post=27433"}],"curies":[{"name":"wp","href":"https:\/\/api.w.org\/{rel}","templated":true}]}}

<p>Fundación Don Bosco, obra salesiana que por más de 25 años acompaña a niños, niñas y jóvenes que han vivido en situación de calle o con graves vulneraciones de derechos, brindando acogida, apoyo psicosocial, educación y oportunidades reales de transformación.</p>

<p>Fundación Don Bosco, obra salesiana que por más de 25 años acompaña a niños, niñas y jóvenes que han vivido en situación de calle o con graves vulneraciones de derechos, [&#8230;]
