{"id":27913,"date":"2026-03-02T16:59:05","date_gmt":"2026-03-02T19:59:05","guid":{"rendered":"https:\/\/www.sannicolasdemyra.cl\/web\/?post_type=tribe_events&#038;p=27913"},"modified":"2026-03-02T16:59:05","modified_gmt":"2026-03-02T19:59:05","slug":"reunion-de-apoderados-infant-school-2","status":"publish","type":"tribe_events","link":"https:\/\/www.sannicolasdemyra.cl\/web\/evento\/reunion-de-apoderados-infant-school-2\/","title":{"rendered":"Reuni\u00f3n de Apoderados Infant School"},"content":{"rendered":"<p><strong>Reuni\u00f3n de Apoderados<\/strong><br \/>\nUn momento clave para que los apoderados se re\u00fanan con el profesor jefe del curso y conozcan los detalles y expectativas para el nuevo a\u00f1o escolar. Los esperamos en el colegio a las 19 Hrs.<\/p>\n<p>En el auditorio<\/p>\n","protected":false},"excerpt":{"rendered":"<p>Reuni\u00f3n de Apoderados Un momento clave para que los apoderados se re\u00fanan con el profesor jefe del curso y conozcan los detalles y expectativas para el nuevo a\u00f1o escolar. Los [&#8230;]\n","protected":false},"author":8,"featured_media":25222,"template":"","meta":{"_price":"","_stock":"","_tribe_ticket_header":"","_tribe_default_ticket_provider":"","_tribe_ticket_capacity":"0","_ticket_start_date":"","_ticket_end_date":"","_tribe_ticket_show_description":"","_tribe_ticket_show_not_going":false,"_tribe_ticket_use_global_stock":"","_tribe_ticket_global_stock_level":"","_global_stock_mode":"","_global_stock_cap":"","_tribe_rsvp_for_event":"","_tribe_ticket_going_count":"","_tribe_ticket_not_going_count":"","_tribe_tickets_list":"[]","_tribe_ticket_has_attendee_info_fields":false,"_tribe_events_status":"","_tribe_events_status_reason":"","footnotes":"","_tec_slr_enabled":"","_tec_slr_layout":""},"tags":[],"tribe_events_cat":[],"class_list":["post-27913","tribe_events","type-tribe_events","status-publish","has-post-thumbnail","hentry"],"ticketed":false,"_links":{"self":[{"href":"https:\/\/www.sannicolasdemyra.cl\/web\/wp-json\/wp\/v2\/tribe_events\/27913","targetHints":{"allow":["GET"]}}],"collection":[{"href":"https:\/\/www.sannicolasdemyra.cl\/web\/wp-json\/wp\/v2\/tribe_events"}],"about":[{"href":"https:\/\/www.sannicolasdemyra.cl\/web\/wp-json\/wp\/v2\/types\/tribe_events"}],"author":[{"embeddable":true,"href":"https:\/\/www.sannicolasdemyra.cl\/web\/wp-json\/wp\/v2\/users\/8"}],"version-history":[{"count":0,"href":"https:\/\/www.sannicolasdemyra.cl\/web\/wp-json\/wp\/v2\/tribe_events\/27913\/revisions"}],"wp:featuredmedia":[{"embeddable":true,"href":"https:\/\/www.sannicolasdemyra.cl\/web\/wp-json\/wp\/v2\/media\/25222"}],"wp:attachment":[{"href":"https:\/\/www.sannicolasdemyra.cl\/web\/wp-json\/wp\/v2\/media?parent=27913"}],"wp:term":[{"taxonomy":"post_tag","embeddable":true,"href":"https:\/\/www.sannicolasdemyra.cl\/web\/wp-json\/wp\/v2\/tags?post=27913"},{"taxonomy":"tribe_events_cat","embeddable":true,"href":"https:\/\/www.sannicolasdemyra.cl\/web\/wp-json\/wp\/v2\/tribe_events_cat?post=27913"}],"curies":[{"name":"wp","href":"https:\/\/api.w.org\/{rel}","templated":true}]}}

Reunión de Apoderados Infant School

<p><strong>Reunión de Apoderados</strong><br />
Un momento clave para que los apoderados se reúnan con el profesor jefe del curso y conozcan los detalles y expectativas para el nuevo año escolar. Los esperamos en el colegio a las 19 Hrs.</p>
<p>En el auditorio</p>

<p>Reunión de Apoderados Un momento clave para que los apoderados se reúnan con el profesor jefe del curso y conozcan los detalles y expectativas para el nuevo año escolar. Los [&#8230;]
