{"id":27917,"date":"2026-03-02T17:02:00","date_gmt":"2026-03-02T20:02:00","guid":{"rendered":"https:\/\/www.sannicolasdemyra.cl\/web\/?post_type=tribe_events&#038;p=27917"},"modified":"2026-03-02T17:02:00","modified_gmt":"2026-03-02T20:02:00","slug":"reunion-de-apoderados-junior-y-senior-level-2","status":"publish","type":"tribe_events","link":"https:\/\/www.sannicolasdemyra.cl\/web\/evento\/reunion-de-apoderados-junior-y-senior-level-2\/","title":{"rendered":"Reuni\u00f3n de Apoderados- Junior y Senior Level"},"content":{"rendered":"<p><strong>Reuni\u00f3n de Apoderados<\/strong><br \/>\nUn momento clave para que los apoderados de Junior (Prekinder a 2\u00b0B\u00e1sico) y Senior (7\u00b0 B\u00e1sico a IV Medio), se re\u00fanan con el profesor jefe del curso y conozcan los detalles y expectativas para el nuevo a\u00f1o escolar. Los esperamos en el colegio a las 19 Hrs.<\/p>\n","protected":false},"excerpt":{"rendered":"<p>Reuni\u00f3n de Apoderados Un momento clave para que los apoderados de Junior (Prekinder a 2\u00b0B\u00e1sico) y Senior (7\u00b0 B\u00e1sico a IV Medio), se re\u00fanan con el profesor jefe del curso [&#8230;]\n","protected":false},"author":8,"featured_media":25223,"template":"","meta":{"_price":"","_stock":"","_tribe_ticket_header":"","_tribe_default_ticket_provider":"","_tribe_ticket_capacity":"0","_ticket_start_date":"","_ticket_end_date":"","_tribe_ticket_show_description":"","_tribe_ticket_show_not_going":false,"_tribe_ticket_use_global_stock":"","_tribe_ticket_global_stock_level":"","_global_stock_mode":"","_global_stock_cap":"","_tribe_rsvp_for_event":"","_tribe_ticket_going_count":"","_tribe_ticket_not_going_count":"","_tribe_tickets_list":"[]","_tribe_ticket_has_attendee_info_fields":false,"_tribe_events_status":"","_tribe_events_status_reason":"","footnotes":"","_tec_slr_enabled":"","_tec_slr_layout":""},"tags":[],"tribe_events_cat":[],"class_list":["post-27917","tribe_events","type-tribe_events","status-publish","has-post-thumbnail","hentry"],"ticketed":false,"_links":{"self":[{"href":"https:\/\/www.sannicolasdemyra.cl\/web\/wp-json\/wp\/v2\/tribe_events\/27917","targetHints":{"allow":["GET"]}}],"collection":[{"href":"https:\/\/www.sannicolasdemyra.cl\/web\/wp-json\/wp\/v2\/tribe_events"}],"about":[{"href":"https:\/\/www.sannicolasdemyra.cl\/web\/wp-json\/wp\/v2\/types\/tribe_events"}],"author":[{"embeddable":true,"href":"https:\/\/www.sannicolasdemyra.cl\/web\/wp-json\/wp\/v2\/users\/8"}],"version-history":[{"count":0,"href":"https:\/\/www.sannicolasdemyra.cl\/web\/wp-json\/wp\/v2\/tribe_events\/27917\/revisions"}],"wp:featuredmedia":[{"embeddable":true,"href":"https:\/\/www.sannicolasdemyra.cl\/web\/wp-json\/wp\/v2\/media\/25223"}],"wp:attachment":[{"href":"https:\/\/www.sannicolasdemyra.cl\/web\/wp-json\/wp\/v2\/media?parent=27917"}],"wp:term":[{"taxonomy":"post_tag","embeddable":true,"href":"https:\/\/www.sannicolasdemyra.cl\/web\/wp-json\/wp\/v2\/tags?post=27917"},{"taxonomy":"tribe_events_cat","embeddable":true,"href":"https:\/\/www.sannicolasdemyra.cl\/web\/wp-json\/wp\/v2\/tribe_events_cat?post=27917"}],"curies":[{"name":"wp","href":"https:\/\/api.w.org\/{rel}","templated":true}]}}

Reunión de Apoderados- Junior y Senior Level

<p><strong>Reunión de Apoderados</strong><br />
Un momento clave para que los apoderados de Junior (Prekinder a 2°Básico) y Senior (7° Básico a IV Medio), se reúnan con el profesor jefe del curso y conozcan los detalles y expectativas para el nuevo año escolar. Los esperamos en el colegio a las 19 Hrs.</p>

<p>Reunión de Apoderados Un momento clave para que los apoderados de Junior (Prekinder a 2°Básico) y Senior (7° Básico a IV Medio), se reúnan con el profesor jefe del curso [&#8230;]
