{"id":28144,"date":"2026-03-30T18:35:39","date_gmt":"2026-03-30T21:35:39","guid":{"rendered":"https:\/\/www.sannicolasdemyra.cl\/web\/?post_type=tribe_events&#038;p=28144"},"modified":"2026-03-30T18:35:39","modified_gmt":"2026-03-30T21:35:39","slug":"charla-ley-tea-padres-con-invitacion","status":"publish","type":"tribe_events","link":"https:\/\/www.sannicolasdemyra.cl\/web\/evento\/charla-ley-tea-padres-con-invitacion\/","title":{"rendered":"Charla, ley TEA.  Padres con invitaci\u00f3n"},"content":{"rendered":"<p class=\"cvGsUA direction-ltr align-center para-style-body\"><span class=\"a_GcMg font-feature-liga-off font-feature-clig-off font-feature-calt-off text-decoration-none text-strikethrough-none\">Charla, ley TEA.<\/span><\/p>\n<p class=\"cvGsUA direction-ltr align-center para-style-body\"><span class=\"a_GcMg font-feature-liga-off font-feature-clig-off font-feature-calt-off text-decoration-none text-strikethrough-none\">Padres con invitaci\u00f3n (Pronto m\u00e1s informaci\u00f3n)<\/span><\/p>\n","protected":false},"excerpt":{"rendered":"<p>Charla, ley TEA. Padres con invitaci\u00f3n (Pronto m\u00e1s informaci\u00f3n)<\/p>\n","protected":false},"author":8,"featured_media":0,"template":"","meta":{"_price":"","_stock":"","_tribe_ticket_header":"","_tribe_default_ticket_provider":"","_tribe_ticket_capacity":"0","_ticket_start_date":"","_ticket_end_date":"","_tribe_ticket_show_description":"","_tribe_ticket_show_not_going":false,"_tribe_ticket_use_global_stock":"","_tribe_ticket_global_stock_level":"","_global_stock_mode":"","_global_stock_cap":"","_tribe_rsvp_for_event":"","_tribe_ticket_going_count":"","_tribe_ticket_not_going_count":"","_tribe_tickets_list":"[]","_tribe_ticket_has_attendee_info_fields":false,"_tribe_events_status":"","_tribe_events_status_reason":"","footnotes":"","_tec_slr_enabled":"","_tec_slr_layout":""},"tags":[],"tribe_events_cat":[],"class_list":["post-28144","tribe_events","type-tribe_events","status-publish","hentry"],"ticketed":false,"_links":{"self":[{"href":"https:\/\/www.sannicolasdemyra.cl\/web\/wp-json\/wp\/v2\/tribe_events\/28144","targetHints":{"allow":["GET"]}}],"collection":[{"href":"https:\/\/www.sannicolasdemyra.cl\/web\/wp-json\/wp\/v2\/tribe_events"}],"about":[{"href":"https:\/\/www.sannicolasdemyra.cl\/web\/wp-json\/wp\/v2\/types\/tribe_events"}],"author":[{"embeddable":true,"href":"https:\/\/www.sannicolasdemyra.cl\/web\/wp-json\/wp\/v2\/users\/8"}],"version-history":[{"count":1,"href":"https:\/\/www.sannicolasdemyra.cl\/web\/wp-json\/wp\/v2\/tribe_events\/28144\/revisions"}],"predecessor-version":[{"id":28145,"href":"https:\/\/www.sannicolasdemyra.cl\/web\/wp-json\/wp\/v2\/tribe_events\/28144\/revisions\/28145"}],"wp:attachment":[{"href":"https:\/\/www.sannicolasdemyra.cl\/web\/wp-json\/wp\/v2\/media?parent=28144"}],"wp:term":[{"taxonomy":"post_tag","embeddable":true,"href":"https:\/\/www.sannicolasdemyra.cl\/web\/wp-json\/wp\/v2\/tags?post=28144"},{"taxonomy":"tribe_events_cat","embeddable":true,"href":"https:\/\/www.sannicolasdemyra.cl\/web\/wp-json\/wp\/v2\/tribe_events_cat?post=28144"}],"curies":[{"name":"wp","href":"https:\/\/api.w.org\/{rel}","templated":true}]}}

Charla, ley TEA.  Padres con invitación

<p class="cvGsUA direction-ltr align-center para-style-body"><span class="a_GcMg font-feature-liga-off font-feature-clig-off font-feature-calt-off text-decoration-none text-strikethrough-none">Charla, ley TEA.</span></p>
<p class="cvGsUA direction-ltr align-center para-style-body"><span class="a_GcMg font-feature-liga-off font-feature-clig-off font-feature-calt-off text-decoration-none text-strikethrough-none">Padres con invitación (Pronto más información)</span></p>

<p>Charla, ley TEA. Padres con invitación (Pronto más información)</p>
